{"id":1448,"date":"2025-02-26T20:52:36","date_gmt":"2025-02-26T19:52:36","guid":{"rendered":"https:\/\/www.atboden.se\/?post_type=product&#038;p=1448"},"modified":"2025-02-26T20:52:36","modified_gmt":"2025-02-26T19:52:36","slug":"f611","status":"publish","type":"product","link":"https:\/\/www.atboden.se\/?product=f611","title":{"rendered":"F611"},"content":{"rendered":"<p>F611\u00a0 reservdels bil<\/p>\n<p>Fr\u00e5ga g\u00e4rna vad du s\u00f6ker<\/p>\n<p>Ring f\u00f6r info<\/p>\n","protected":false},"excerpt":{"rendered":"<p>F611\u00a0 reservdels bil Fr\u00e5ga g\u00e4rna vad du s\u00f6ker Ring f\u00f6r info<\/p>\n","protected":false},"featured_media":1449,"comment_status":"closed","ping_status":"closed","template":"","meta":[],"product_cat":[],"product_tag":[],"class_list":{"0":"post-1448","1":"product","2":"type-product","3":"status-publish","4":"has-post-thumbnail","7":"first","8":"instock","9":"shipping-taxable","10":"product-type-simple"},"jetpack_sharing_enabled":true,"_links":{"self":[{"href":"https:\/\/www.atboden.se\/index.php?rest_route=\/wp\/v2\/product\/1448","targetHints":{"allow":["GET"]}}],"collection":[{"href":"https:\/\/www.atboden.se\/index.php?rest_route=\/wp\/v2\/product"}],"about":[{"href":"https:\/\/www.atboden.se\/index.php?rest_route=\/wp\/v2\/types\/product"}],"replies":[{"embeddable":true,"href":"https:\/\/www.atboden.se\/index.php?rest_route=%2Fwp%2Fv2%2Fcomments&post=1448"}],"version-history":[{"count":2,"href":"https:\/\/www.atboden.se\/index.php?rest_route=\/wp\/v2\/product\/1448\/revisions"}],"predecessor-version":[{"id":1481,"href":"https:\/\/www.atboden.se\/index.php?rest_route=\/wp\/v2\/product\/1448\/revisions\/1481"}],"wp:featuredmedia":[{"embeddable":true,"href":"https:\/\/www.atboden.se\/index.php?rest_route=\/wp\/v2\/media\/1449"}],"wp:attachment":[{"href":"https:\/\/www.atboden.se\/index.php?rest_route=%2Fwp%2Fv2%2Fmedia&parent=1448"}],"wp:term":[{"taxonomy":"product_cat","embeddable":true,"href":"https:\/\/www.atboden.se\/index.php?rest_route=%2Fwp%2Fv2%2Fproduct_cat&post=1448"},{"taxonomy":"product_tag","embeddable":true,"href":"https:\/\/www.atboden.se\/index.php?rest_route=%2Fwp%2Fv2%2Fproduct_tag&post=1448"}],"curies":[{"name":"wp","href":"https:\/\/api.w.org\/{rel}","templated":true}]}}